5*s. Let x be w(-5). Suppose -5*j + x = -820. What are the prime factors of j?
229
Let u = 315 - 22. What are the prime factors of u?
293
Suppose 6 - 12 = -2*p. Suppose 674 = p*w - h, -2*w = 3*w - h - 1124. What are the prime factors of w?
3, 5
Let k = 7044 + -1600. List the prime factors of k.
2, 1361
Suppose 3*b + 156 = -3*b. Let n = b + 48. What are the prime factors of n?
2, 11
Suppose -41841 = -5*b - 4*b. List the prime factors of b.
4649
Let z = 305 - -24. Suppose 2*b = 4*y + 4*b - 350, -5*b = -4*y + z. List the prime factors of y.
2, 43
Let l = -44 - -66. Let d = l + -16. List the prime factors of 22/4*(d + -4).
11
Let o = 39 + 358. What are the prime factors of o?
397
Let c(f) = 22*f + 32. Let a(z) = -243*z - 351. Let o(w) = 5*a(w) + 54*c(w). What are the prime factors of o(-6)?
3, 5
Suppose 3*s + 11 = 26. Let g(k) = -7*k + 5. Let l be g(s). Let m = 50 + l. List the prime factors of m.
2, 5
Suppose 12*p = 33*p - 69510. List the prime factors of p.
2, 5, 331
Let f(j) = 14*j**3 - 4*j**2 + 8*j - 7. What are the prime factors of f(4)?
857
Suppose 5*v = 4*o + 113, v + 4*v - 25 = 0. Let a(t) = -t**2 - 6*t + 42. Let b be a(4). What are the prime factors of 56/b*(-33)/o?
2, 3, 7
Let p = 2422 - 317. What are the prime factors of p?
5, 421
Let s be 3*2/6 + -2. Let n(b) = -2*b**3 - 2*b**2 - b. Let l be n(s). Suppose -7 = -3*d - l. List the prime factors of d.
2
Suppose -4*g - 2 = 2. Let r be (1 - g - -149) + 2. Suppose 4*i + 33 = r. List the prime factors of i.
2, 3, 5
Suppose -3*f - 8 - 55 = 0. Let j = 41 + -39. What are the prime factors of j/(-4)*6 - f?
2, 3
Let w(o) = 2*o + 127. List the prime factors of w(0).
127
Suppose -4*r - 3*w = 49, 0 = 6*w - 4*w - 2. What are the prime factors of -2 - -22 - (16 + r)?
17
Let j be (-3 - 0 - 13) + 3. Let m(w) = -w - 9. Let x be m(j). Suppose x*t = 99 + 93. List the prime factors of t.
2, 3
What are the prime factors of (45/10 - 5)*-338?
13
Let k(l) = -l**3 - 9*l**2 + 8*l - 12. Let h be k(-10). Suppose -h*b - 6 = -10*b. What are the prime factors of b?
3
Suppose 4*g - 3*g = 45. What are the prime factors of g/(-20)*12/(-1)?
3
Let p(w) = -w**3 + 7*w**2 - 7*w + 8. Let f be p(6). Suppose -3*i + 5*i - 228 = f*n, -525 = -5*i - 4*n. List the prime factors of i.
109
Suppose 3*n - 76 + 52 = 0. Suppose -n*r = -0*r - 792. List the prime factors of r.
3, 11
Suppose 5*i = 5*o - 70, 2*o + i - 6 = o. List the prime factors of (78/10)/(2/o).
3, 13
Suppose -4*o = -5*o. Suppose 34*k - 36*k + 216 = o. What are the prime factors of k?
2, 3
Let o = -682 + 1270. What are the prime factors of (-2)/(-4*2/o)?
3, 7
Let a(i) = 2*i**2 + 0*i**2 - 5*i - 30 + 24*i - 3*i. List the prime factors of a(-13).
2, 5
Let u be (-36)/(-15)*10/4. List the prime factors of (-2)/(-12) - 671/u*-1.
2, 7
Let h(s) = s**3 - 18*s**2 + 23*s + 6. Let o be h(17). Suppose 4*b = -2*b + o. What are the prime factors of b?
2, 3
Let s = 1030 - 946. What are the prime factors of s?
2, 3, 7
Suppose -2*u + 95 = 15. List the prime factors of u + (-4 - -3)*-1.
41
Suppose 2*z + 6310 = 2*v + 1390, 0 = z - 3. List the prime factors of v.
3, 821
Suppose -5*t - 4*v = -4985, -5*v + 3110 = 3*t + 132. List the prime factors of t.
7, 11, 13
Let k(n) = -n**2 + 2*n + 3. Let z be k(0). Suppose -3*b = 5*t - 55, -z*t = -b - 5*t + 19. What are the prime factors of b?
3, 5
Suppose -3*g + 63 = -555. Let l = -97 + g. What are the prime factors of l?
109
Let u(v) = 2*v**2 + 4*v + 6. Let y = 11 - 10. Let s(l) = -5*l**3. Let w be s(y). List the prime factors of u(w).
2, 3
Suppose 0 = m + 2 - 7. Suppose -22 = -l + 5*j, 2*l - m*j = 6*l + 12. What are the prime factors of l?
2
Let y(p) = p**3 + p**2 - 22*p - 10. List the prime factors of y(6).
2, 5, 11
Suppose 4*r + 148 = -12. Let y be 2/6 + r/(-15). What are the prime factors of (-7)/((-21)/40)*y?
2, 5
Let i be (-2412)/(-54) - (-4)/(-6). Suppose i = -4*g + 172. What are the prime factors of g?
2
Suppose 239 = 5*i - 186. Suppose 0 = -5*k + 85 + i. What are the prime factors of k?
2, 17
What are the prime factors of (45/10 - 6)*-542?
3, 271
Suppose -h + 1868 = 4*v + 488, -5*h + 2*v = -6790. What are the prime factors of h?
2, 5, 17
Let v(x) = -3*x**2 - 54*x - 38. What are the prime factors of v(-10)?
2, 101
Let w(t) = -t**3 + 36*t**2 + 128*t - 39. List the prime factors of w(39).
2, 3, 5, 13
Let c(r) = 7*r**3 - 3*r**2 + 3*r - 4. Let m be c(2). Let t = m - 23. What are the prime factors of t?
23
Suppose t - 4 = -5*w + 22, 5*w = -2*t + 27. Suppose w*m - 386 = g - 4*g, -m - 507 = -4*g. What are the prime factors of g?
127
Let s = -1326 + 2075. What are the prime factors of s?
7, 107
Let u = 2302 + -1588. List the prime factors of u.
2, 3, 7, 17
Let c = -61 + 60. List the prime factors of 7/(14/216) + (1 - c).
2, 5, 11
List the prime factors of (9/12)/((-7486)/1248 - -6).
2, 3, 13
Suppose 2*g + 27*g = 47792. List the prime factors of g.
2, 103
Let q(j) = j**2 - 6*j + 23. Let b be q(-16). Suppose 5*z - b - 141 = 3*n, 5*z = -5*n + 540. What are the prime factors of z?
3, 5, 7
Let v = -5 + 10. Suppose 0 = -3*s - 3*b + 234, 0 = -5*s + 3*b + 482 - 68. Suppose 0 = -v*q + f + 2*f + s, -3*q - 2*f + 60 = 0. List the prime factors of q.
2, 3
Suppose q = 5*c + 16 + 13, 3 = -3*c. Let o = -38 + q. List the prime factors of o/35 - (-44)/10.
2
Let x(m) = -m**2 + 9*m - 4*m**2 - 3 - 5 + 6*m**2. Let v be x(-10). Suppose 3*g - 47 = v*s, 0*g - 34 = -g - 3*s. List the prime factors of g.
19
Let t(g) = 2*g**2 + g - 11. Let c(u) = u**2 - 11. Let y(q) = -3*c(q) + 4*t(q). List the prime factors of y(-7).
2, 103
Suppose -2*t + 248 = -o - 4*o, -99 = 2*o - t. Let v = o + 79. List the prime factors of v.
29
Let f be 5 + (-5 + 3)*1. Let y(n) = 0 - 26*n + 0 - 2*n**2 + 24*n - n**f. What are the prime factors of y(-3)?
3, 5
Let i be 3/18 + 233/6. Suppose z = 2*z - i. Let m = 76 - z. List the prime factors of m.
37
Suppose -3*k = -109 - 20. Let u = k + -33. What are the prime factors of u?
2, 5
Let c be 19955/55 - (-8)/44. Suppose -3*k + 6*f - f - 276 = 0, -5*f = -4*k - c. Let r = -51 - k. What are the prime factors of r?
2, 3
Let u(v) = -2*v + 7. Let j be u(3). Let m be 0/(-3 - j) + 97. Suppose -5*t + 33 = -m. What are the prime factors of t?
2, 13
Let p be (-7 - -2)/((-10)/12). Let w = p + -3. Suppose 4*u - 44 = w*u. List the prime factors of u.
2, 11
Let s(x) = -x**3 + 17*x**2 - 10*x. Suppose -6*i = -2*i - 64. What are the prime factors of s(i)?
2, 3
Let b = 2464 + -1343. List the prime factors of b.
19, 59
Suppose -d + y = 2 - 8, 0 = -5*y - 5. Suppose -9*o + d*o + 176 = 0. List the prime factors of o.
2, 11
Suppose -3*d - 4 = -4*d. Suppose 0 = l + d - 2. What are the prime factors of (-41)/l + 6/(-4)?
19
Suppose 4*d - 3*x = 1113, -2*d + 4*x = -932 + 378. What are the prime factors of d?
3, 31
Let n = 21 + -13. Let i be 30/12*n/5. Suppose 3*t = 49 - i. List the prime factors of t.
3, 5
Suppose -5*f = -w - 23, -w - w + 9 = f. Let b be -1*(w - 1) + 9. What are the prime factors of 1/(-4) + 74/b?
3
Suppose 47 = -5*l + 827. Let j = 252 - l. List the prime factors of j.
2, 3
Suppose -1280 = 30*n - 3770. What are the prime factors of n?
83
Let b(p) = 3*p**3 + 43*p**2 + 3*p + 3. What are the prime factors of b(-13)?
2, 5
Let d be (-21)/(-6) + 2/4. List the prime factors of (2 + 3)/(d/68).
5, 17
Let h(l) = -81*l - 555. What are the prime factors of h(-30)?
3, 5
Let k(y) = 3*y**3 - 10*y**2 + 29*y + 14. What are the prime factors of k(10)?
2, 3
Let z(u) = 2*u**2 + 5*u + 20. Let x be z(-8). Suppose x + 128 = 4*d. List the prime factors of d.
59
Suppose 37 = z - 5*v, 3*z + 2*z + 5*v = 95. Let u = z - 6. What are the prime factors of u?
2
Suppose 4*p - 63 = 53. List the prime factors of p.
29
Suppose -h = 4*r - 810, 0 = -7*h + 4*h + r + 2482. What are the prime factors of h?
2, 7, 59
Let a = 19 - 14. Suppose -a*f - 23 = -5*q + 67, -3*q - f = -54. List the prime factors of q.
2, 3
Suppose 94*f = 99*f - 250. Suppose -2*u + 2*t + f = -2*t, -5*t - 80 = -3*u. What are the prime factors of u?
5, 7
Let q(z) = -239*z + 6. What are the prime factors of q(-4)?
2, 13, 37
Let l(n) = n + 14. Let m be l(-10). Suppose 4*f = i + 776, 4*f = 5*f + m*i - 211. List the prime factors of f.
3, 5, 13
What are the prime factors of -1 - 8012/(-6) - 568/426?
31, 43
Let h(b) = 0*b**2 - 21 + 4*b**2 + 15*b - 20*